
Is 564435431 a multiple of 8420?
False
Is 154863356 a multiple of 4085?
False
Is 128 a factor of 13390464?
True
Is 805167408 a multiple of 3216?
True
Does 118 divide 288718978?
True
Is 9 a factor of 5011809?
False
Is 37 a factor of 547045?
True
Is 121284962 a multiple of 210?
False
Does 513 divide 1440337772?
False
Is 884 a factor of 398401120?
True
Is 1107574761 a multiple of 181?
False
Is 3902304 a multiple of 168?
True
Does 22 divide 74999264?
False
Does 4646 divide 546086194?
True
Does 22 divide 73384460?
False
Is 102 a factor of 652708097?
False
Is 35976670 a multiple of 193?
False
Is 235928705 a multiple of 930?
False
Is 32 a factor of 438240?
True
Does 120 divide 372418200?
True
Is 30019995 a multiple of 719?
False
Is 630206860 a multiple of 305?
True
Is 266421737 a multiple of 149?
False
Is 106535037 a multiple of 253?
False
Does 28 divide 6808911?
False
Is 713 a factor of 16138755?
True
Is 83 a factor of 318910153?
True
Is 10144734 a multiple of 74?
True
Does 39 divide 299625456?
True
Is 222584232 a multiple of 1541?
False
Is 20838067 a multiple of 453?
False
Is 679899269 a multiple of 3647?
True
Does 291 divide 52567404?
True
Is 77620329 a multiple of 278?
False
Is 100680133 a multiple of 2?
False
Is 482742786 a multiple of 504?
False
Is 20 a factor of 83698025?
False
Does 15 divide 1044534570?
True
Is 48058679 a multiple of 350?
False
Is 6209248 a multiple of 16?
True
Is 27 a factor of 100876156?
False
Is 4948 a factor of 3830275002?
False
Is 9619 a factor of 361068769?
False
Is 1952 a factor of 511002368?
True
Is 66182341 a multiple of 103?
True
Is 565 a factor of 3272779?
False
Does 38 divide 13575082?
True
Does 3 divide 386398949?
False
Is 3 a factor of 17053362?
True
Is 14 a factor of 890563314?
False
Is 38538205 a multiple of 643?
True
Is 112 a factor of 1087654064?
True
Does 26 divide 245236101?
False
Is 140911751 a multiple of 12?
False
Does 28 divide 11899188?
True
Does 295 divide 170933027?
False
Does 200 divide 182362000?
True
Is 976022336 a multiple of 32?
True
Does 5 divide 412974800?
True
Does 66 divide 155143824?
True
Is 38349288 a multiple of 34?
False
Does 53 divide 751595661?
False
Is 899 a factor of 3939132009?
False
Is 14 a factor of 286400562?
True
Does 405 divide 43550001?
False
Does 4 divide 146648?
True
Does 942 divide 691800090?
True
Does 632 divide 80770864?
True
Is 70996387 a multiple of 58?
False
Is 14 a factor of 9426917?
False
Is 1329536544 a multiple of 4?
True
Does 1632 divide 104143286?
False
Does 4404 divide 209696460?
True
Is 44813376 a multiple of 12?
True
Is 42621345 a multiple of 1599?
True
Is 174025698 a multiple of 21?
True
Is 56836606 a multiple of 790?
False
Is 4 a factor of 33845684?
True
Is 32299179 a multiple of 2?
False
Is 3515498305 a multiple of 55?
True
Is 285 a factor of 31198932?
False
Is 178 a factor of 25262650?
True
Is 167 a factor of 714363493?
False
Is 923517452 a multiple of 412?
False
Does 13 divide 752378068?
True
Is 886645708 a multiple of 25?
False
Is 52717598 a multiple of 16?
False
Is 45232 a multiple of 1028?
True
Is 20426283 a multiple of 747?
False
Does 21 divide 57164160?
False
Is 3 a factor of 857643051?
True
Is 1618709 a multiple of 7?
False
Does 32 divide 1031250944?
True
Does 736 divide 23814889?
False
Does 4 divide 60674516?
True
Is 78137083 a multiple of 27?
False
Does 3587 divide 1815750343?
False
Does 20 divide 1561597?
False
Is 1285 a factor of 1161873870?
True
Is 547 a factor of 171369083?
True
Is 825598144 a multiple of 32?
True
Does 193 divide 7259888?
True
Does 2276 divide 177400544?
True
Is 23425440 a multiple of 120?
True
Is 20305009 a multiple of 367?
True
Is 9 a factor of 3853779288?
False
Is 227786897 a multiple of 10?
False
Does 28 divide 40991860?
True
Is 98465416 a multiple of 24?
False
Does 35 divide 2059225?
True
Is 14 a factor of 711902786?
True
Does 2017 divide 25889309?
False
Does 170 divide 1387030495?
False
Is 2 a factor of 81965186?
True
Is 1559 a factor of 58590892?
False
Is 937 a factor of 1798512469?
True
Is 297250350 a multiple of 2?
True
Is 4920857979 a multiple of 4443?
True
Is 3262 a factor of 203058024?
False
Is 1287148557 a multiple of 51?
True
Is 12 a factor of 12335436?
True
Is 44 a factor of 96346008?
True
Is 63858840 a multiple of 681?
False
Is 51836480 a multiple of 184?
True
Does 1133 divide 149228563?
True
Is 3547 a factor of 358682973?
False
Is 17759980 a multiple of 7?
True
Is 614 a factor of 1444387225?
False
Is 70590208 a multiple of 16?
True
Does 14 divide 282187548?
False
Is 52 a factor of 128647636?
True
Does 7 divide 403811628?
False
Is 11 a factor of 9060953?
True
Is 566022396 even?
True
Is 672 a factor of 3355296?
True
Is 395 a factor of 258407420?
True
Does 905 divide 29719295?
True
Does 256 divide 886535797?
False
Is 160 a factor of 246738560?
True
Is 71 a factor of 11000882?
True
Is 85 a factor of 97057760?
True
Is 235 a factor of 35701200?
True
Is 348 a factor of 23253488?
False
Is 240 a factor of 57335232?
False
Is 7860796 a multiple of 382?
True
Is 74164727 a multiple of 408?
False
Does 845 divide 53896511?
False
Does 54 divide 38303090?
False
Is 2493512892 a multiple of 18?
True
Is 4604715864 a multiple of 189?
True
Does 15 divide 375779888?
False
Does 5199 divide 73929780?
True
Does 42 divide 4397358?
True
Does 60 divide 51991680?
True
Is 129772962 a multiple of 3546?
True
Is 504642153 a multiple of 2193?
False
Is 104 a factor of 81211695?
False
Does 317 divide 18725190?
True
Is 112 a factor of 633248?
True
Is 88739586 a multiple of 1141?
False
Is 393500874 a multiple of 11258?
True
Is 21371890 a multiple of 85?
True
Is 5 a factor of 338991451?
False
Is 98335813 a multiple of 814?
False
Is 15554247 a multiple of 88?
False
Is 229 a factor of 49740005?
False
Is 12 a factor of 454388569?
False
Does 84 divide 419619816?
True
Is 493 a factor of 12372127?
False
Is 1062 a factor of 5545444?
False
Is 1800966860 a multiple of 7917?
False
Is 1016918609 a multiple of 226?
False
Does 11 divide 171603982?
True
Does 116 divide 6520790592?
True
Does 1750 divide 302361629?
False
Is 176430196 a multiple of 146?
True
Is 9082918 a multiple of 6?
False
Does 18 divide 19930104?
True
Is 53 a factor of 537014906?
False
Does 56 divide 72745960?
True
Does 27 divide 4067866?
False
Is 828199113 a multiple of 399?
True
Is 92 a factor of 115831772?
True
Is 36532756 a multiple of 806?
True
Is 380251648 a multiple of 4424?
True
Is 12 a factor of 165943608?
True
Is 180387291 a multiple of 159?
False
Does 1475 divide 134716175?
True
Is 5332127 a multiple of 9?
False
Is 47 a factor of 669844?
True
Is 7 a factor of 307265794?
False
Is 1904 a factor of 64848536?
False
Is 3 a factor of 70747?
False
Is 393706230 a multiple of 9?
False
Does 346 divide 2915742?
True
Is 197467452 a multiple of 7644?
True
Does 176 divide 38495248?
True
Is 85 a factor of 7817527?
False
Is 3990 a factor of 822777900?
True
Does 9 divide 19670166?
True
Does 3436 divide 561362070?
False
Is 410372836 a multiple of 4584?
False
Is 272 a factor of 786343296?
True
Is 11267670 a multiple of 6?
True
Does 153 divide 12682928?
False
Is 93089648 a multiple of 16?
True
Is 109 a factor of 141708393?
True
Is 29500912 a multiple of 362?
False
Is 13 a factor of 234478570?
False
Is 3222004065 a multiple of 105?
True
Does 581 divide 6449681?
True
Does 147 divide 17302635?
True
Is 32 a factor of 1129088?
True
Is 39624048 a multiple of 12?
True
Does 1721 divide 209607474?
True
Does 438 divide 53153382?
False
Does 26 divide 1525741271?
False
Does 1411 divide 126530014?
True
Is 755 a factor of 366519970?
False
Does 122 divide 1055548403?
False
Does 21 divide 4552730091?
True
Is 585 a factor of 327415725?
True
Is 100928561 a multiple of 199?
False
Does 187 divide 784303522?
False
Is 70225164 a multiple of 68?
True
Does 5 divide 175510872?
False
Does 799 divide 125926928?
False
Does 5929 divide 563129670?
False
Does 1420 divide 147620145?
False
Is 247 a factor of 217144369?
True
Does 277 divide 26128297?
False
Is 173 a factor of 117912744?
False
Does 8 divide 200683640?
True
Is 2431 a factor of 16919182?
False
Is 23360251 a multiple of 172?
False
Is 7 a factor of 76987015?
True
Is 849165837 a multiple of 3027?
False
Is 43 a factor of 14798493?
True
Does 10 divide 22741436?
False
Is 752